8).
-9
What is the value of -30 + 0 + (706 - 649)?
27
What is the value of 10 + (-1 - 0 - (24 - 18))?
3
Evaluate 2 + -8 - (-34 - (1 - (21 - 10))).
18
What is 10 + 1 - (-24 + 41)?
-6
What is 12 - -8 - -1 - (-5 + 9)?
17
What is the value of ((10 - 2) + -3 - 3) + (-6 - 0)?
-4
What is the value of (1 + -8 + 21 - 6) + -10 - -1?
-1
What is the value of (-2 - (-9 - -9)) + -16 + 1?
-17
What is the value of 2 + 0 - (-9 + (17 - 19))?
13
Evaluate 1 - ((1 - 5) + -7).
12
14 + -5 + (-3 - (-9 + 8) - 15)
-8
68 + -31 - 51 - (-8 - 0)
-6
Evaluate (27 + 13 - 11) + -18.
11
What is the value of (0 - -6) + -12 + 11 + (-15 - -2)?
-8
What is 14 - (1 - -13) - -3?
3
-2 + (18 - (8 + -23 - -12))
19
What is the value of (-31 - (8 - 23)) + 28?
12
-63 + (7 - -50) - (1 + -12 - 0)
5
Calculate 3 + 4 + -3 + (-2 - -3) + -21.
-16
Evaluate (10 - -9 - 1) + -15.
3
Calculate -2 + (2 - (17 - (-6 - -4 - -2))).
-17
What is 10 + -1 + 21 + -20 - 21?
-11
Evaluate -2 + (-2 - (9 - 0)) - (2 - -1).
-16
-13 + (9 - (-10 + 6))
0
What is (4 - (4 + 15)) + 16?
1
What is the value of (28 - 12) + -5 - 3?
8
What is 14 - (19 - 18 - -24)?
-11
-101 - -87 - (-29 - 16)
31
What is -17 + (-13 - (-2 - (11 + -4)) - -9)?
-12
What is the value of 0 + -10 + (-20 - -19) + -4?
-15
1 + 36 - (23 - (-9 + 27))
32
-12 + 50 + -15 + (-12 - -13)
24
Calculate -5 + 9 + -3 - -10.
11
What is (-50 - -38) + (-1 - (-1 - 7))?
-5
What is (10 - -31) + -23 + -1?
17
Calculate 33 - (-20 + 40) - 17.
-4
What is the value of (-1 + (-1 - -1) - 5) + (39 - 35)?
-2
What is the value of (21 - 13 - 14) + (2 - -8)?
4
Calculate -24 + (-16 - (-47 - -23)) + -1 + -6.
-23
Calculate 6 + ((-8 - -15) + -6 - -6) + 9.
22
(-180 - -185) + -1 + -1
3
68 - 97 - (-2 + (-5 - 0))
-22
79 + -93 + (1 - 12)
-25
What is the value of (-17 - (3 + -5 + (-1 - 6))) + 35?
27
What is 3 + -5 + -5 + 15?
8
What is the value of 27 + -29 - 33 - -48?
13
-9 + (-3 - (-6 - -3) - 1)
-10
Calculate (-5 - (3 - -3)) + -5 + 2 + -10.
-24
Evaluate 1 - (9 + (8 - 6) + -6).
-4
Evaluate -4 + -2 + 0 - (1 + -3 - 4).
0
What is the value of 5 + 31 + -18 + (-9 - -1) + -13?
-3
(-9 - 1) + 16 + -3 + -16 + 2
-11
Evaluate -201 + 197 - (2 - 5) - -20.
19
Evaluate -1 + 21 + 6 - (5 - 1 - -4).
18
-2 + 6 + 7 + 1 + -24
-12
Evaluate -22 - ((-69 - -18) + 10).
19
What is -3 - -17 - 16 - 25 - -12?
-15
(405 - 407) + (-14 - (-3 - (2 + -7)))
-18
(-5 - (-10 - -4)) + -3 + (25 - -3)
26
24 + -9 - (-3 + 12) - -7
13
Calculate 11 + -1 + -30 + 5 + (1 - 3).
-17
What is 64 + -60 + ((3 - 0) + 0 - 6)?
1
Evaluate 0 + 1 - ((2 - (-4 + 5)) + 1).
-1
What is -9 + -2 + 2 + 1 - -3?
-5
Evaluate 111 + -91 - (7 + -3 + 5).
11
Evaluate (-51 - -26) + 17 + (3 - -1).
-4
Evaluate -12 - (-13 + 6 + 1 + 7) - -2.
-11
Evaluate (37 - 25 - (-1 - -20)) + (-3 - 1).
-11
2 + (7 - (9 - -5)) + 2
-3
Calculate 3 + (0 + 2 - 6) + 4.
3
(-19 - -3 - -9) + 5 + (-4 - 1)
-7
What is 4 + (-7 - (-7 - 10))?
14
What is the value of 37 + -42 + -1 + 0 + -2 - -24?
16
Evaluate 11 - (38 + -22 + 9).
-14
Evaluate -1 + -1 + -6 + (-4 + -12 - -29).
5
Evaluate -24 + 16 - -5 - (1 - 2 - 1).
-1
What is (-19 + -7 - -23) + 6 + -3?
0
Evaluate 33 + -9 - (14 + -2).
12
Evaluate -2 + 34 + -410 + 380.
2
What is -18 - (-45 + 30) - (-1 - 1)?
-1
What is 5 + -32 + (87 - 47)?
13
-19 + 25 + 0 + 4 - -3
13
What is (0 - (0 - -1)) + (0 - 25 - -40)?
14
What is 11 + -38 + 43 + -10?
6
What is the value of (19 - 12) + 14 + -11?
10
What is 1 + 14 + -17 + 10?
8
What is the value of (8 - -1) + (45 - (15 - 1)) - 9?
31
Evaluate 24 + 7 + 8 + -24.
15
What is 12 + (29 - (8 - -32)) + (-2 - -2)?
1
Calculate -2 + 25 - (192 - 152).
-17
Calculate -16 - ((-7 - -7) + 2 - 10).
-8
What is (-4 - 2) + 23 + 2?
19
What is the value of -1 - 11 - (90 - (16 - -49))?
-37
What is the value of -1 + (6 - -2) + (-2 - 6) + -2?
-3
Calculate (9 + -10 - 7) + -20.
-28
What is 3 + -1 + 7 - (11 - 15 - -17)?
-4
What is the value of -29 - (-9 - ((-6 - (-4 + 5)) + 5))?
-22
What is 20 - (1 - (5 - 0) - (1702 + -1698))?
28
What is the value of (1 - 40) + (16 - -14)?
-9
What is (6 - 17) + (1 - 6 - (-22 - -4))?
2
(-10 - -9) + 2 + -29 - -7
-21
What is 2 - ((5 - -12) + -10)?
-5
Evaluate -3 + 0 - (2 + 10 + (-17 - -7)).
-5
Calculate -3 + -2 - (38 + -38).
-5
What is the value of (0 - 4 - (-1 + 2)) + (373 - 352)?
16
Evaluate -48 + (32 - (32 - 21)).
-27
What is 0 + (35 - 24 - 5)?
6
What is -16 - (-1 + -5 + 0 + -6 + 6)?
-10
244 + -221 - (2 + 0)
21
What is 4 + (0 - 1) - (34 - 59 - -7)?
21
What is the value of 3 - 10 - (19 + (26 - 75))?
23
Evaluate (2 - -1) + (39 - 18 - 16).
8
What is the value of 2 - (5 - 4) - (7 + (-6 - -8))?
-8
What is the value of -5 + -9 - -20 - (0 - -5)?
1
Calculate -6 + (-2 - -20) + -7.
5
What is (-16 + 15 - (10 - -3)) + 1?
-13
Evaluate (11 - (21 - 5)) + -7.
-12
What is (4 - 1) + (-7 - (12 - 6))?
-10
Evaluate -6 + 4 + 6 - ((2 - 1) + -12).
15
Calculate -4 - (-35 - -2) - 15.
14
What is (-10 - (12 + -33 + 8)) + 32?
35
83 + -55 - (-3 - -20)
11
What is the value of -9 + (-14 - -34 - (18 + -10))?
3
What is the value of -8 - ((-7 - -17 - 20) + 18)?
-16
Calculate -16 - (-30 - (-44 - -47)).
17
What is the value of 2 + 3 + 0 + -1 - (62 - 72)?
14
5 - -1 - (-15 - (-12 - (-11 - -11)))
9
-2 + (6 - (6 - 5) - 2) - 16
-15
What is the value of 4 + 1 + 198 + -201?
2
What is the value of 47 + (1 - 49) - (16 - 1)?
-16
What is the value of -3 - (-8 + 1) - 4 - (16 + -14)?
-2
3 + 9 + -22 + 10
0
Evaluate 474 + -482 - (5 - (1 - 2)).
-14
What is the value of -97 + 98 - (0 - -2)?
-1
What is the value of -15 + (26 - 29) - -15?
-3
What is the value of 2 - -2 - (17 + -18) - 7?
-2
-15 - ((27 - (8 + 4)) + 7)
-37
Calculate 5 - ((-2 - -2) + (-34 - -26)).
13
What is the value of 6 - 1 - (4 + -7) - (0 - -2)?
6
What is -6 - (-2 + 1) - (16 - (-4 - -12))?
-13
-3 - ((8 + -19 - -3) + 0)
5
What is the value of 4 + 13 - (22 - (-4 + 33))?
24
What is the value of -22 - (-13 - (6 + -11)) - 2?
-16
What is the value of (-2 + -13 - -11) + (2 - 1 - -15)?
12
Calculate (38 + -71 - -24) + (-1 - -10 - -1).
1
What is 4 + (-9 + -5 - 8)?
-18
Evaluate 9 - (-8 - -8 - -10).
-1
What is the value of (-9 - 4) + (-13 - (-13 - 10))?
-3
What is the value of 16 + (-10 + -4 - -6)?
8
2 - (0 - (1 - -1))
4
What is the value of (0 - -3 - -23) + -31 + 11?
6
Calculate (-5 - -3) + -4 + -1 + -3.
-10
What is 7 + -10 + (-24 + 7 + 1 - -9)?
-10
Calculate -4 + (1 - (-1 - -2)) + (247 - 234).
9
4 + (1 - 2) - (-26 + 11 - -18)
0
What is the value of -1 - 1 - -3 - 14?
-13
What is (66 - 65) + 8 + -1?
8
Evaluate 443 + -402 - (62 + 0).
-21
What is the value of -27 + 11 + 15 - (7 - (0 - -3))?
-5
Calculate 2 + -2 - -4 - (0 - -4) - 6.
-6
120 - 108 - (40 - (-6 + 1 + 0))
-33
-4 + -1 + (2 - (7 - (7 + 1)))
-2
-4 + 7 + -3 + (-36 - -38)
2
What is the value of (-2 - (11 - 5)) + 7 + -5?
-6
What is the value of -5 + 5 - 17 - (-5 + 2) - -4?
-10
Evaluate 6 + 22 - 22 - (-2 - 10).
18
Evaluate 0 + 19 + 9 + -11 + -5 + 3.
15
Evaluate -16 - (-11 + -12) - 34.
-27
Evaluate 4 + (-7 - -2) + 8 - (4 + -8).
11
Calculate (0 + 3 + 4 - 8) + 7.
6
What is 6 + -5 + 9 - (-4 + 3 - 0)?
11
Evaluate -8 + 11 - -7 - (-4 + 12).
2
What is (22 - 11) + -12 + 17?
16
What is 28 + -8 + -7 + -2?
11
Calculate (-160 - -200) + (2 - 2) + (1 - 7).
34
Evaluate -17 + -14 + 24 - -8.
1
37 - 65 - (-6 - 3)
-19
Calculate -5 + 0 + 2 + 22 + -14.
5
(0 + 11 - (21 - 14)) + (9 - 3)
10
15 + (11 + -36 - 10) + 5
-15
What is the value of (1 - -5) + -23 + (0 - -8)?
-9
What is 5 + (-1 - -5 - (-27 - -20))?
16
Calculate -7 + -5 + (-2 - -4).
-10
Calculate -26 + 51 + -50 - -62.
37
-18 + 35 + -24 - (-17 + (-2 - 1))
13
Calculate -5 + (34 - (-2 - -37)).
-6
Calculate 10 + (2 + 3 - 8) + -47 + 66.
26
What is the value of -13 + (-3 - -6) - -3?
-7
What is 0 + -2 + -1 + -5 + (9 - 5)?
-4
Evaluate -10 - (-45 + 16) - 41.
-22
Calculate 86 - 79 - (3 - (3 - 12)).
-5
What is -8 + 0 + (-8 - (-18 - -6))?
-4
Calculate 5 + -1 + (-23 - -17) + -4.
-6
14 + -12 + 10 - 21
-9
Evaluate -3 - -1 - (-22 + 15 + 1).
4
Evaluate -8 + -5 + 8 + -6 - (141 - 128).
-24
What is (11 - 7 - 10) + -5?
-11
What is the value of (117 - 122 - (-3 + -1)) + (0 - 2)?
-3
What is 10 + 7 - -10 - 42?
-15
Calculate 73 - 58 - (1 + -1 + -2) - 8.
9
What is the value of 7 + -11 + 9 + 1 + 2 + 4?
12
Calculate (-12 - (4 - 7)) + (5 + 7 - 3).
0
Evaluate 3 + -14 - (-4 + (-1 + 2 - 0)).
-8
What is the value of 16 + -32 + (-11 - -21)?
-6
(8 - (2 - 4)) + -43 + 81 + -2